[INFO] cloning repository https://github.com/megamsys/meg
[INFO] running `Command { std: "git" "-c" "credential.helper=" "-c" "credential.helper=/workspace/cargo-home/bin/git-credential-null" "clone" "--bare" "https://github.com/megamsys/meg" "/workspace/cache/git-repos/https%3A%2F%2Fgithub.com%2Fmegamsys%2Fmeg", kill_on_drop: false }`
[INFO] [stderr] Cloning into bare repository '/workspace/cache/git-repos/https%3A%2F%2Fgithub.com%2Fmegamsys%2Fmeg'...
[INFO] running `Command { std: "git" "rev-parse" "HEAD", kill_on_drop: false }`
[INFO] [stdout] 27e99ea09b36c924bb788e317f72610c8e507703
[INFO] checking megamsys/meg against master#cfbc6d4cf1acbac5c025acf8ed68929caa551df3 for pr-75494-beta
[INFO] running `Command { std: "git" "clone" "/workspace/cache/git-repos/https%3A%2F%2Fgithub.com%2Fmegamsys%2Fmeg" "/workspace/builds/worker-4/source", kill_on_drop: false }`
[INFO] [stderr] Cloning into '/workspace/builds/worker-4/source'...
[INFO] [stderr] done.
[INFO] validating manifest of git repo https://github.com/megamsys/meg on toolchain cfbc6d4cf1acbac5c025acf8ed68929caa551df3
[INFO] running `Command { std: "/workspace/cargo-home/bin/cargo" "+cfbc6d4cf1acbac5c025acf8ed68929caa551df3" "read-manifest" "--manifest-path" "Cargo.toml", kill_on_drop: false }`
[INFO] started tweaking git repo https://github.com/megamsys/meg
[INFO] removed 1 missing tests
[INFO] finished tweaking git repo https://github.com/megamsys/meg
[INFO] tweaked toml for git repo https://github.com/megamsys/meg written to /workspace/builds/worker-4/source/Cargo.toml
[INFO] crate git repo https://github.com/megamsys/meg already has a lockfile, it will not be regenerated
[INFO] running `Command { std: "/workspace/cargo-home/bin/cargo" "+cfbc6d4cf1acbac5c025acf8ed68929caa551df3" "fetch" "--locked" "--manifest-path" "Cargo.toml", kill_on_drop: false }`
[INFO] [stderr] warning: An explicit [[bin]] section is specified in Cargo.toml which currently
[INFO] [stderr] disables Cargo from automatically inferring other binary targets.
[INFO] [stderr] This inference behavior will change in the Rust 2018 edition and the following
[INFO] [stderr] files will be included as a binary target:
[INFO] [stderr] 
[INFO] [stderr] * /workspace/builds/worker-4/source/src/bin/csar.rs
[INFO] [stderr] * /workspace/builds/worker-4/source/src/bin/ahoy.rs
[INFO] [stderr] * /workspace/builds/worker-4/source/src/bin/version.rs
[INFO] [stderr] * /workspace/builds/worker-4/source/src/bin/sshkey.rs
[INFO] [stderr] * /workspace/builds/worker-4/source/src/bin/help.rs
[INFO] [stderr] * /workspace/builds/worker-4/source/src/bin/account.rs
[INFO] [stderr] 
[INFO] [stderr] This is likely to break cargo build or cargo test as these files may not be
[INFO] [stderr] ready to be compiled as a binary target today. You can future-proof yourself
[INFO] [stderr] and disable this warning by adding `autobins = false` to your [package]
[INFO] [stderr] section. You may also move the files to a location where Cargo would not
[INFO] [stderr] automatically infer them to be a target, such as in subfolders.
[INFO] [stderr] 
[INFO] [stderr] For more information on this warning you can consult
[INFO] [stderr] https://github.com/rust-lang/cargo/issues/5330
[INFO] [stderr] warning: An explicit [[test]] section is specified in Cargo.toml which currently
[INFO] [stderr] disables Cargo from automatically inferring other test targets.
[INFO] [stderr] This inference behavior will change in the Rust 2018 edition and the following
[INFO] [stderr] files will be included as a test target:
[INFO] [stderr] 
[INFO] [stderr] * /workspace/builds/worker-4/source/tests/test_meg_version.rs
[INFO] [stderr] * /workspace/builds/worker-4/source/tests/test_meg_account.rs
[INFO] [stderr] 
[INFO] [stderr] This is likely to break cargo build or cargo test as these files may not be
[INFO] [stderr] ready to be compiled as a test target today. You can future-proof yourself
[INFO] [stderr] and disable this warning by adding `autotests = false` to your [package]
[INFO] [stderr] section. You may also move the files to a location where Cargo would not
[INFO] [stderr] automatically infer them to be a target, such as in subfolders.
[INFO] [stderr] 
[INFO] [stderr] For more information on this warning you can consult
[INFO] [stderr] https://github.com/rust-lang/cargo/issues/5330
[INFO] [stderr]     Updating git repository `https://github.com/carllerche/hamcrest-rust.git`
[INFO] [stderr]     Updating git repository `https://github.com/chyh1990/yaml-rust.git`
[INFO] [stderr] error: the lock file /workspace/builds/worker-4/source/Cargo.lock needs to be updated but --locked was passed to prevent this
[INFO] [stderr] If you want to try to generate the lock file without accessing the network, use the --offline flag.
[INFO] the lockfile is outdated, regenerating it
[INFO] running `Command { std: "/workspace/cargo-home/bin/cargo" "+cfbc6d4cf1acbac5c025acf8ed68929caa551df3" "generate-lockfile" "--manifest-path" "Cargo.toml" "-Zno-index-update", kill_on_drop: false }`
[INFO] [stderr]     Updating git repository `https://github.com/carllerche/hamcrest-rust.git`
[INFO] [stderr]     Updating git repository `https://github.com/chyh1990/yaml-rust.git`
[INFO] running `Command { std: "/workspace/cargo-home/bin/cargo" "+cfbc6d4cf1acbac5c025acf8ed68929caa551df3" "fetch" "--locked" "--manifest-path" "Cargo.toml", kill_on_drop: false }`
[INFO] [stderr] warning: An explicit [[bin]] section is specified in Cargo.toml which currently
[INFO] [stderr] disables Cargo from automatically inferring other binary targets.
[INFO] [stderr] This inference behavior will change in the Rust 2018 edition and the following
[INFO] [stderr] files will be included as a binary target:
[INFO] [stderr] 
[INFO] [stderr] * /workspace/builds/worker-4/source/src/bin/csar.rs
[INFO] [stderr] * /workspace/builds/worker-4/source/src/bin/ahoy.rs
[INFO] [stderr] * /workspace/builds/worker-4/source/src/bin/version.rs
[INFO] [stderr] * /workspace/builds/worker-4/source/src/bin/sshkey.rs
[INFO] [stderr] * /workspace/builds/worker-4/source/src/bin/help.rs
[INFO] [stderr] * /workspace/builds/worker-4/source/src/bin/account.rs
[INFO] [stderr] 
[INFO] [stderr] This is likely to break cargo build or cargo test as these files may not be
[INFO] [stderr] ready to be compiled as a binary target today. You can future-proof yourself
[INFO] [stderr] and disable this warning by adding `autobins = false` to your [package]
[INFO] [stderr] section. You may also move the files to a location where Cargo would not
[INFO] [stderr] automatically infer them to be a target, such as in subfolders.
[INFO] [stderr] 
[INFO] [stderr] For more information on this warning you can consult
[INFO] [stderr] https://github.com/rust-lang/cargo/issues/5330
[INFO] [stderr] warning: An explicit [[test]] section is specified in Cargo.toml which currently
[INFO] [stderr] disables Cargo from automatically inferring other test targets.
[INFO] [stderr] This inference behavior will change in the Rust 2018 edition and the following
[INFO] [stderr] files will be included as a test target:
[INFO] [stderr] 
[INFO] [stderr] * /workspace/builds/worker-4/source/tests/test_meg_version.rs
[INFO] [stderr] * /workspace/builds/worker-4/source/tests/test_meg_account.rs
[INFO] [stderr] 
[INFO] [stderr] This is likely to break cargo build or cargo test as these files may not be
[INFO] [stderr] ready to be compiled as a test target today. You can future-proof yourself
[INFO] [stderr] and disable this warning by adding `autotests = false` to your [package]
[INFO] [stderr] section. You may also move the files to a location where Cargo would not
[INFO] [stderr] automatically infer them to be a target, such as in subfolders.
[INFO] [stderr] 
[INFO] [stderr] For more information on this warning you can consult
[INFO] [stderr] https://github.com/rust-lang/cargo/issues/5330
[INFO] [stderr]  Downloading crates ...
[INFO] [stderr]   Downloaded megam_rustyprint v0.2.1
[INFO] [stderr]   Downloaded num_cpus v0.1.0
[INFO] [stderr]   Downloaded megam_api v0.1.10
[INFO] [stderr]   Downloaded rust_cli v0.1.0
[INFO] running `Command { std: "docker" "create" "-v" "/var/lib/crater-agent-workspace/builds/worker-4/target:/opt/rustwide/target:rw,Z" "-v" "/var/lib/crater-agent-workspace/builds/worker-4/source:/opt/rustwide/workdir:ro,Z" "-v" "/var/lib/crater-agent-workspace/cargo-home:/opt/rustwide/cargo-home:ro,Z" "-v" "/var/lib/crater-agent-workspace/rustup-home:/opt/rustwide/rustup-home:ro,Z" "-e" "SOURCE_DIR=/opt/rustwide/workdir" "-e" "CARGO_TARGET_DIR=/opt/rustwide/target" "-e" "CARGO_HOME=/opt/rustwide/cargo-home" "-e" "RUSTUP_HOME=/opt/rustwide/rustup-home" "-w" "/opt/rustwide/workdir" "-m" "1610612736" "--user" "0:0" "--network" "none" "rustops/crates-build-env@sha256:a636fd89d022f18117e1dc8fb37a0a009933cdbbe082814857f0e2024962d47c" "/opt/rustwide/cargo-home/bin/cargo" "+cfbc6d4cf1acbac5c025acf8ed68929caa551df3" "metadata" "--no-deps" "--format-version=1", kill_on_drop: false }`
[INFO] [stdout] 9a1344e8c6c82fdcf3dd2e49928b4e390e82f139048a348dfb7151ed4d056699
[INFO] [stderr] WARNING: Your kernel does not support swap limit capabilities or the cgroup is not mounted. Memory limited without swap.
[INFO] running `Command { std: "docker" "start" "-a" "9a1344e8c6c82fdcf3dd2e49928b4e390e82f139048a348dfb7151ed4d056699", kill_on_drop: false }`
[INFO] running `Command { std: "docker" "inspect" "9a1344e8c6c82fdcf3dd2e49928b4e390e82f139048a348dfb7151ed4d056699", kill_on_drop: false }`
[INFO] running `Command { std: "docker" "rm" "-f" "9a1344e8c6c82fdcf3dd2e49928b4e390e82f139048a348dfb7151ed4d056699", kill_on_drop: false }`
[INFO] [stdout] 9a1344e8c6c82fdcf3dd2e49928b4e390e82f139048a348dfb7151ed4d056699
[INFO] running `Command { std: "docker" "create" "-v" "/var/lib/crater-agent-workspace/builds/worker-4/target:/opt/rustwide/target:rw,Z" "-v" "/var/lib/crater-agent-workspace/builds/worker-4/source:/opt/rustwide/workdir:ro,Z" "-v" "/var/lib/crater-agent-workspace/cargo-home:/opt/rustwide/cargo-home:ro,Z" "-v" "/var/lib/crater-agent-workspace/rustup-home:/opt/rustwide/rustup-home:ro,Z" "-e" "SOURCE_DIR=/opt/rustwide/workdir" "-e" "CARGO_TARGET_DIR=/opt/rustwide/target" "-e" "CARGO_INCREMENTAL=0" "-e" "RUST_BACKTRACE=full" "-e" "RUSTFLAGS=--cap-lints=forbid" "-e" "CARGO_HOME=/opt/rustwide/cargo-home" "-e" "RUSTUP_HOME=/opt/rustwide/rustup-home" "-w" "/opt/rustwide/workdir" "-m" "1610612736" "--user" "0:0" "--network" "none" "rustops/crates-build-env@sha256:a636fd89d022f18117e1dc8fb37a0a009933cdbbe082814857f0e2024962d47c" "/opt/rustwide/cargo-home/bin/cargo" "+cfbc6d4cf1acbac5c025acf8ed68929caa551df3" "check" "--frozen" "--all" "--all-targets" "--message-format=json", kill_on_drop: false }`
[INFO] [stdout] d7701a3a972499e5bad7756e99e5ebb2fe9c533845db5668a15cfd10d38291bb
[INFO] [stderr] WARNING: Your kernel does not support swap limit capabilities or the cgroup is not mounted. Memory limited without swap.
[INFO] running `Command { std: "docker" "start" "-a" "d7701a3a972499e5bad7756e99e5ebb2fe9c533845db5668a15cfd10d38291bb", kill_on_drop: false }`
[INFO] [stderr] warning: An explicit [[bin]] section is specified in Cargo.toml which currently
[INFO] [stderr] disables Cargo from automatically inferring other binary targets.
[INFO] [stderr] This inference behavior will change in the Rust 2018 edition and the following
[INFO] [stderr] files will be included as a binary target:
[INFO] [stderr] 
[INFO] [stderr] * /opt/rustwide/workdir/src/bin/csar.rs
[INFO] [stderr] * /opt/rustwide/workdir/src/bin/ahoy.rs
[INFO] [stderr] * /opt/rustwide/workdir/src/bin/version.rs
[INFO] [stderr] * /opt/rustwide/workdir/src/bin/sshkey.rs
[INFO] [stderr] * /opt/rustwide/workdir/src/bin/help.rs
[INFO] [stderr] * /opt/rustwide/workdir/src/bin/account.rs
[INFO] [stderr] 
[INFO] [stderr] This is likely to break cargo build or cargo test as these files may not be
[INFO] [stderr] ready to be compiled as a binary target today. You can future-proof yourself
[INFO] [stderr] and disable this warning by adding `autobins = false` to your [package]
[INFO] [stderr] section. You may also move the files to a location where Cargo would not
[INFO] [stderr] automatically infer them to be a target, such as in subfolders.
[INFO] [stderr] 
[INFO] [stderr] For more information on this warning you can consult
[INFO] [stderr] https://github.com/rust-lang/cargo/issues/5330
[INFO] [stderr] warning: An explicit [[test]] section is specified in Cargo.toml which currently
[INFO] [stderr] disables Cargo from automatically inferring other test targets.
[INFO] [stderr] This inference behavior will change in the Rust 2018 edition and the following
[INFO] [stderr] files will be included as a test target:
[INFO] [stderr] 
[INFO] [stderr] * /opt/rustwide/workdir/tests/test_meg_version.rs
[INFO] [stderr] * /opt/rustwide/workdir/tests/test_meg_account.rs
[INFO] [stderr] 
[INFO] [stderr] This is likely to break cargo build or cargo test as these files may not be
[INFO] [stderr] ready to be compiled as a test target today. You can future-proof yourself
[INFO] [stderr] and disable this warning by adding `autotests = false` to your [package]
[INFO] [stderr] section. You may also move the files to a location where Cargo would not
[INFO] [stderr] automatically infer them to be a target, such as in subfolders.
[INFO] [stderr] 
[INFO] [stderr] For more information on this warning you can consult
[INFO] [stderr] https://github.com/rust-lang/cargo/issues/5330
[INFO] [stderr]     Blocking waiting for file lock on package cache
[INFO] [stderr]    Compiling pkg-config v0.3.18
[INFO] [stderr]    Compiling gcc v0.3.55
[INFO] [stderr]    Compiling winapi-build v0.1.1
[INFO] [stderr]     Checking winapi v0.2.8
[INFO] [stderr]    Compiling log v0.4.11
[INFO] [stderr]    Compiling cc v1.0.59
[INFO] [stderr]     Checking tinyvec v0.3.4
[INFO] [stderr]     Checking utf8-ranges v0.1.3
[INFO] [stderr]     Checking regex-syntax v0.3.9
[INFO] [stderr]    Compiling regex v0.2.11
[INFO] [stderr]     Checking percent-encoding v1.0.1
[INFO] [stderr]     Checking strsim v0.5.2
[INFO] [stderr]     Checking libc v0.1.12
[INFO] [stderr]     Checking linked-hash-map v0.5.3
[INFO] [stderr]     Checking glob v0.2.11
[INFO] [stderr]     Checking remove_dir_all v0.5.3
[INFO] [stderr]     Checking toml v0.1.30
[INFO] [stderr]     Checking thread_local v0.3.6
[INFO] [stderr]     Checking memchr v0.1.11
[INFO] [stderr]     Checking dirs-sys v0.3.5
[INFO] [stderr]     Checking time v0.1.43
[INFO] [stderr]     Checking aho-corasick v0.6.10
[INFO] [stderr]     Checking tempdir v0.3.7
[INFO] [stderr]    Compiling kernel32-sys v0.2.2
[INFO] [stderr]     Checking yaml-rust v0.4.4 (https://github.com/chyh1990/yaml-rust.git#ae831143)
[INFO] [stderr]     Checking aho-corasick v0.5.3
[INFO] [stderr]     Checking dirs v2.0.2
[INFO] [stderr]     Checking term v0.6.1
[INFO] [stderr]     Checking unicode-normalization v0.1.13
[INFO] [stderr]     Checking thread-id v2.0.0
[INFO] [stderr]     Checking term v0.2.14
[INFO] [stderr]     Checking log v0.3.9
[INFO] [stderr]    Compiling openssl-sys v0.7.17
[INFO] [stderr]     Checking thread_local v0.2.7
[INFO] [stderr]    Compiling curl-sys v0.1.35
[INFO] [stderr]    Compiling rust-crypto v0.2.36
[INFO] [stderr]    Compiling num_cpus v0.1.0
[INFO] [stderr]     Checking term-painter v0.1.1
[INFO] [stdout] error[E0308]: mismatched types
[INFO] [stdout]    --> /opt/rustwide/cargo-home/registry/src/github.com-1ecc6299db9ec823/term-painter-0.1.1/src/lib.rs:405:24
[INFO] [stdout]     |
[INFO] [stdout] 405 |                     Ok(true) => {},
[INFO] [stdout]     |                        ^^^^ expected `()`, found `bool`
[INFO] [stdout] ...
[INFO] [stdout] 420 |                 Some(c) => { try_term!(t.fg(c)); },
[INFO] [stdout]     |                              -------------------
[INFO] [stdout]     |                              |         |
[INFO] [stdout]     |                              |         this expression has type `std::result::Result<(), term::Error>`
[INFO] [stdout]     |                              in this macro invocation
[INFO] [stdout]     |
[INFO] [stdout]     = note: this error originates in a macro (in Nightly builds, run with -Z macro-backtrace for more info)
[INFO] [stdout] 
[INFO] [stdout] 
[INFO] [stdout] error[E0308]: mismatched types
[INFO] [stdout]    --> /opt/rustwide/cargo-home/registry/src/github.com-1ecc6299db9ec823/term-painter-0.1.1/src/lib.rs:405:24
[INFO] [stdout]     |
[INFO] [stdout] 405 |                     Ok(true) => {},
[INFO] [stdout]     |                        ^^^^ expected `()`, found `bool`
[INFO] [stdout] ...
[INFO] [stdout] 424 |                 Some(c) => { try_term!(t.bg(c)); },
[INFO] [stdout]     |                              -------------------
[INFO] [stdout]     |                              |         |
[INFO] [stdout]     |                              |         this expression has type `std::result::Result<(), term::Error>`
[INFO] [stdout]     |                              in this macro invocation
[INFO] [stdout]     |
[INFO] [stdout]     = note: this error originates in a macro (in Nightly builds, run with -Z macro-backtrace for more info)
[INFO] [stdout] 
[INFO] [stdout] 
[INFO] [stdout] error[E0308]: mismatched types
[INFO] [stdout]    --> /opt/rustwide/cargo-home/registry/src/github.com-1ecc6299db9ec823/term-painter-0.1.1/src/lib.rs:405:24
[INFO] [stdout]     |
[INFO] [stdout] 405 |                     Ok(true) => {},
[INFO] [stdout]     |                        ^^^^ expected `()`, found `bool`
[INFO] [stdout] ...
[INFO] [stdout] 427 |                 try_term!(t.attr(term::Attr::Bold))
[INFO] [stdout]     |                 -----------------------------------
[INFO] [stdout]     |                 |         |
[INFO] [stdout]     |                 |         this expression has type `std::result::Result<(), term::Error>`
[INFO] [stdout]     |                 in this macro invocation
[INFO] [stdout]     |
[INFO] [stdout]     = note: this error originates in a macro (in Nightly builds, run with -Z macro-backtrace for more info)
[INFO] [stdout] 
[INFO] [stdout] 
[INFO] [stdout] error[E0308]: mismatched types
[INFO] [stdout]    --> /opt/rustwide/cargo-home/registry/src/github.com-1ecc6299db9ec823/term-painter-0.1.1/src/lib.rs:405:24
[INFO] [stdout]     |
[INFO] [stdout] 405 |                     Ok(true) => {},
[INFO] [stdout]     |                        ^^^^ expected `()`, found `bool`
[INFO] [stdout] ...
[INFO] [stdout] 430 |                 Some(u) => try_term!(t.attr(term::Attr::Underline(u))),
[INFO] [stdout]     |                            -------------------------------------------
[INFO] [stdout]     |                            |         |
[INFO] [stdout]     |                            |         this expression has type `std::result::Result<(), term::Error>`
[INFO] [stdout]     |                            in this macro invocation
[INFO] [stdout]     |
[INFO] [stdout]     = note: this error originates in a macro (in Nightly builds, run with -Z macro-backtrace for more info)
[INFO] [stdout] 
[INFO] [stdout] 
[INFO] [stdout] error[E0308]: mismatched types
[INFO] [stdout]    --> /opt/rustwide/cargo-home/registry/src/github.com-1ecc6299db9ec823/term-painter-0.1.1/src/lib.rs:405:24
[INFO] [stdout]     |
[INFO] [stdout] 405 |                     Ok(true) => {},
[INFO] [stdout]     |                        ^^^^ expected `()`, found `bool`
[INFO] [stdout] ...
[INFO] [stdout] 434 |                 try_term!(t.attr(term::Attr::Blink))
[INFO] [stdout]     |                 ------------------------------------
[INFO] [stdout]     |                 |         |
[INFO] [stdout]     |                 |         this expression has type `std::result::Result<(), term::Error>`
[INFO] [stdout]     |                 in this macro invocation
[INFO] [stdout]     |
[INFO] [stdout]     = note: this error originates in a macro (in Nightly builds, run with -Z macro-backtrace for more info)
[INFO] [stdout] 
[INFO] [stdout] 
[INFO] [stdout] error[E0308]: mismatched types
[INFO] [stdout]    --> /opt/rustwide/cargo-home/registry/src/github.com-1ecc6299db9ec823/term-painter-0.1.1/src/lib.rs:405:24
[INFO] [stdout]     |
[INFO] [stdout] 405 |                     Ok(true) => {},
[INFO] [stdout]     |                        ^^^^ expected `()`, found `bool`
[INFO] [stdout] ...
[INFO] [stdout] 437 |                 try_term!(t.attr(term::Attr::Reverse))
[INFO] [stdout]     |                 --------------------------------------
[INFO] [stdout]     |                 |         |
[INFO] [stdout]     |                 |         this expression has type `std::result::Result<(), term::Error>`
[INFO] [stdout]     |                 in this macro invocation
[INFO] [stdout]     |
[INFO] [stdout]     = note: this error originates in a macro (in Nightly builds, run with -Z macro-backtrace for more info)
[INFO] [stdout] 
[INFO] [stdout] 
[INFO] [stdout] error[E0308]: mismatched types
[INFO] [stdout]    --> /opt/rustwide/cargo-home/registry/src/github.com-1ecc6299db9ec823/term-painter-0.1.1/src/lib.rs:405:24
[INFO] [stdout]     |
[INFO] [stdout] 405 |                     Ok(true) => {},
[INFO] [stdout]     |                        ^^^^ expected `()`, found `bool`
[INFO] [stdout] ...
[INFO] [stdout] 440 |                 try_term!(t.attr(term::Attr::Secure))
[INFO] [stdout]     |                 -------------------------------------
[INFO] [stdout]     |                 |         |
[INFO] [stdout]     |                 |         this expression has type `std::result::Result<(), term::Error>`
[INFO] [stdout]     |                 in this macro invocation
[INFO] [stdout]     |
[INFO] [stdout]     = note: this error originates in a macro (in Nightly builds, run with -Z macro-backtrace for more info)
[INFO] [stdout] 
[INFO] [stdout] 
[INFO] [stdout] error: aborting due to 7 previous errors
[INFO] [stdout] 
[INFO] [stdout] 
[INFO] [stdout] For more information about this error, try `rustc --explain E0308`.
[INFO] [stdout] 
[INFO] [stderr] error: could not compile `term-painter`.
[INFO] [stderr] 
[INFO] [stderr] To learn more, run the command again with --verbose.
[INFO] [stderr] warning: build failed, waiting for other jobs to finish...
[INFO] [stderr] error: build failed
[INFO] running `Command { std: "docker" "inspect" "d7701a3a972499e5bad7756e99e5ebb2fe9c533845db5668a15cfd10d38291bb", kill_on_drop: false }`
[INFO] running `Command { std: "docker" "rm" "-f" "d7701a3a972499e5bad7756e99e5ebb2fe9c533845db5668a15cfd10d38291bb", kill_on_drop: false }`
[INFO] [stdout] d7701a3a972499e5bad7756e99e5ebb2fe9c533845db5668a15cfd10d38291bb
